5*t + 6*t - 18. What is the greatest common divisor of t and n?
18
Suppose -2*n + 92 = -6*n + 5*w, 0 = 2*n + 4*w + 20. Let j be n/5*25/(-10). Let m = -132 + 204. What is the highest common divisor of m and j?
9
Let u(t) = 61*t**2 - 1. Let s be u(-1). Suppose 2*v = -v + s. Let k = 27 - v. What is the greatest common factor of k and 14?
7
Let h(p) = -p**2 - 9*p - 3. Let x be h(-8). Suppose x*m = 2*m + 36. Let j be 12/((-3 - -2)*-1). Calculate the greatest common divisor of j and m.
12
Let g be -1*(-5 - 0/(-4)). Suppose 0 = g*j - 2*j - 78. Calculate the greatest common factor of j and 286.
26
Suppose -5*h = -7 - 8. Suppose -2*x - 3*w = -114, w = -h*x - 0*w + 185. What is the greatest common divisor of 7 and x?
7
Let s = 34 - 31. Suppose -2*b = -s*b + y + 44, 4*y - 8 = 0. What is the greatest common factor of 23 and b?
23
Let z = 69 - 93. Let r be ((z/18)/4)/((-2)/78). Calculate the highest common factor of r and 39.
13
Let o(m) = -2*m - 9. Let t be o(-20). Let l = t - -5. What is the highest common factor of l and 180?
36
Let y = -3303 + 3307. Let k(o) = 6*o + 8. Let s be k(6). Calculate the highest common divisor of s and y.
4
Suppose 4*x - 113 = -5*a + 539, -5*x = -15. Suppose -a = 5*z - 2*f, 0*f + 76 = -3*z + f. Let s = z - -33. Calculate the greatest common divisor of 81 and s.
9
Suppose 0 = -3*f + 15*f - 36120. Calculate the highest common divisor of f and 70.
70
Suppose 5*m = 5, 0*m + 9 = 2*n + 3*m. Let p be ((-10)/n)/((-6)/18). Calculate the highest common factor of p and 30.
10
Let n = -45 + 46. Let r be -1 + 36/n - 0. Calculate the highest common divisor of 5 and r.
5
Let p(a) = -a**3 + 7*a**2 + 4*a + 5. Let k be p(8). Let s be ((-20)/(-15))/((-3)/k). What is the highest common factor of 84 and s?
12
Let q = -319 - -819. What is the greatest common factor of q and 20?
20
Let n = 330 + -325. What is the highest common factor of 85 and n?
5
Let v be 42/15*1*5. Let o be (8 - 225/18)*-28. Calculate the highest common factor of o and v.
14
Let a be 69 - (0 + -1)*-1. Let z be ((-2)/(-8))/((-18375)/(-1020) + -18). Calculate the highest common divisor of z and a.
17
Let n(f) = 4*f**2 + 4*f - 18. Let p be n(-5). Calculate the highest common divisor of p and 124.
62
Let n(x) = 12*x**2 - 2*x + 5. Let l = -1 - -5. Suppose -3*v = l*w + 13, 4*w + 3 + 4 = -v. Let b be n(v). Calculate the highest common factor of b and 17.
17
Suppose -2*f + 564 = 5*m - 150, -m - 5*f = -129. Calculate the highest common divisor of 16 and m.
16
Suppose 15*g + 50*g = 8580. Suppose -4*z = 4*l - 100, -2*l - 5*z - 38 + 97 = 0. What is the greatest common divisor of l and g?
22
Let r be 192/60*(-10)/(-4). Let k(y) = 3*y**3 - 9 + 3*y - 4*y**3 + r*y**2 - 9*y + 3*y**2. Let n be k(8). Calculate the highest common divisor of n and 27.
27
Suppose 0 = 2*h + 5*d - 324, 4*d - 162 = -h + d. Suppose -4*k = -4*y + 304, -k - 13 = 2*y - h. What is the highest common divisor of 30 and y?
15
Let d = -609 - -736. Calculate the highest common divisor of d and 127.
127
Suppose 88 = 3*d - 4*m, 3*d - 5*m = -0*m + 89. Let g = d + -4. What is the highest common factor of 8 and g?
8
Let l(x) = x**3 - x**2 + 34. Let m be l(0). Suppose 14*y + 42*y = 9520. What is the greatest common divisor of y and m?
34
Let g(q) = -q**2 + 29*q - 41. Let m be g(27). Let w be (-28)/(-1) + -2*1. Suppose -j + 0*j = -w. Calculate the greatest common divisor of j and m.
13
Suppose -h + v = 5*v - 4, -3*v + 3 = 0. Let f = h + 2. Let b = 4 - f. Calculate the greatest common factor of 1 and b.
1
Let d be (-11845)/(-69) + 2 + (-16)/6. Calculate the greatest common factor of 18 and d.
9
Suppose -3*j = -234 - 291. Calculate the greatest common factor of 25 and j.
25
Let o be (-4)/12 + (-20)/(-6) + 7. Suppose -x = -72 - o. Calculate the greatest common divisor of x and 205.
41
Let b(r) = -r**2 - 11*r - 22. Let w be b(-9). Let x be -5*w/(-8)*-2. Calculate the greatest common factor of 1 and x.
1
Suppose -5*m = -3 + 8. Let u be m + 4 + -2 - 1. Suppose r - 19 + 6 = u. What is the highest common factor of r and 104?
13
Let h be 28 - 39 - (3 - 174). What is the highest common factor of h and 352?
32
Let f = 318 + -201. What is the greatest common divisor of 18 and f?
9
Suppose -256 = -18*p + 86. What is the greatest common divisor of 304 and p?
19
Let g be (126/(-36))/(2/8 - 0). Let i = 78 + g. What is the highest common factor of 24 and i?
8
Suppose -142 - 58 = -5*d. Suppose -50 = -5*f + 4*b, 0 = -3*f + 2*b + 15 + 15. What is the highest common divisor of d and f?
10
Let y(s) = -5 - 35*s + 27*s + s**2 + 2*s**2. Let i be y(5). Suppose -g + i = -4. What is the highest common divisor of 51 and g?
17
Let a(n) = -2*n**2 - 23*n - 52. Let g be a(-4). Calculate the greatest common factor of g and 472.
8
Let j = -2372 + 2476. Calculate the greatest common factor of j and 364.
52
Let h(s) be the second derivative of s**4/12 - s**3/3 - 7*s**2/2 - 4*s. Let j be h(6). Calculate the greatest common factor of 153 and j.
17
Let w be 0/(3/3 + 1). Suppose 3*j = 3*q - 333, w = -2*q - 3*j - 87 + 304. Calculate the greatest common factor of 22 and q.
22
Suppose 5*h + 6 = -4. Let a be ((-48)/h)/(0 - -2). Let y be (-3)/a - 169/(-4). What is the highest common divisor of 6 and y?
6
Let g be ((-4)/10)/((-47)/(-470)) + 164. Suppose v + 36 = -4*o + 13, o + 5 = 0. Let x be 2 + (-14)/(2 + v). What is the highest common factor of g and x?
16
Let u(b) = 2*b - 4. Suppose 5*g - 9 = 2*g. Let t be u(g). Let y(i) = i**2 + 4*i - 6. Let j be y(t). What is the highest common divisor of 6 and j?
6
Suppose 2*s - 304 = -b - 0*b, -4*s + 596 = -b. What is the greatest common divisor of s and 90?
30
Let k be 6*(-398)/(-15) + 8/10. What is the greatest common divisor of 10 and k?
10
Let u be -1*(-2)/(-11) - (-13498)/187. What is the greatest common factor of u and 276?
12
Let v(o) = 2*o**3 - 15*o**2 - 3*o + 23. Let f be v(8). Calculate the highest common divisor of 18 and f.
9
Suppose -5*m - 128 = -3*l, 4*m - 76 = -3*l + 97. Let n(c) = -c**2 + c + 17. Let t be n(0). What is the highest common factor of l and t?
17
Let c = -25 + 19. Let f be (0 + 2/(-6))*c. What is the highest common divisor of 8 and f?
2
Let i be 1/4 + -2*(-795)/40. What is the greatest common factor of i and 40?
40
Suppose 0 = o - 18 + 11. Calculate the highest common divisor of 28 and o.
7
Suppose -6*x - 3009 = -3063. Suppose 4*d + 4*l + 18 - 66 = 0, -4*d - 2*l + 42 = 0. What is the greatest common factor of d and x?
9
Let a = -177 - -195. Suppose 11 = -4*v + 47. Calculate the highest common divisor of a and v.
9
Let h(s) = 2*s**3 - 17*s**2 + 6*s + 12. Let m be h(8). Let x be -9*(1/m + 175/(-84)). What is the highest common divisor of x and 63?
21
Suppose 0 = d - 5*d. Let t(j) = 3*j**2 + d*j**2 + 37*j - 45*j. Let r be t(6). What is the greatest common factor of r and 40?
20
Let x(l) = 3*l**3 + 14*l**2 + l - 6. Let d(n) = -n**3 - n**2 - 1. Let m(b) = 4*d(b) + x(b). Let s be m(7). Calculate the greatest common divisor of s and 16.
16
Let r(c) = 29*c - 405. Let z be r(16). Calculate the greatest common divisor of 1 and z.
1
Let i = -113 - -333. What is the greatest common divisor of i and 165?
55
Let j be 646 + (-10)/(1 - 6). What is the highest common divisor of j and 24?
24
Let j be (196/(-21) - -2)*6/(-4). Let h(x) = 3*x - 29. Let u be h(j). Calculate the greatest common factor of 12 and u.
4
Suppose 5*q - 47 = 4*q + 3*f, 5*q = 5*f + 185. What is the highest common factor of q and 28?
4
Suppose -3*w + 5*s + 35 = -224, -4*w + 307 = s. What is the greatest common factor of w and 130?
26
Let x be (985 - -320)*((-10)/(-6) - 1). What is the greatest common factor of 20 and x?
10
Suppose 626 = 30*i - 514. What is the greatest common divisor of 494 and i?
38
Let i be (306/(-72) - 2/(-8)) + 345. Calculate the highest common divisor of 22 and i.
11
Let p be 3 + (-100)/36 + (-4)/18. Suppose b + 3 = 10. Suppose z = -p*z + b. Calculate the greatest common divisor of 77 and z.
7
Suppose -47 = -11*b - 25. Let q = 13 + -5. Calculate the highest common factor of q and b.
2
Let s(a) = a**2 - 11*a + 5. Let c be s(7). Let u = c - -3. Let l = -17 - u. What is the greatest common divisor of l and 2?
1
Let w(h) = h**3 + 14*h**2 + 25*h - 16. Let j be w(-11). Suppose r + 2*r = -3*s + 312, 0 = -5*r - 3*s + 528. Calculate the great